 -8 - -5. Calculate k(p).
3
Let i = -3 - -6. Let m(y) = 0*y - i*y + 3 - 1. Suppose -2*p - a = -2, -8 = 5*p - 6*p + 3*a. Determine m(p).
-4
Let v(z) = -2*z - 1 - 1 - 3. Let m be ((-3)/(-2))/(3/(-6)). Let n(r) = r**2 + 4*r - 1. Let b be n(m). Give v(b).
3
Let a = -2 - -2. Let y(r) be the second derivative of r**5/20 - 4*r**2 + r. Give y(a).
-8
Let x(z) = 7*z**3 - 2*z**2 - 5*z - 12. Let v(n) = -n**3 + n**2 + 1. Suppose -5*f + 2 + 3 = 0. Let q(k) = f*x(k) + 6*v(k). Let j be (15/(-12))/(2/8). Give q(j).
-6
Suppose -3*u + 3 = -4*u. Let o(f) = -f - 3. What is o(u)?
0
Let q(r) = r**2 + 6*r - 9. Let p be q(-7). Let s(g) = -6*g - 1 - 1 + 5*g + g**2. Determine s(p).
4
Let k(c) be the second derivative of -c**5/20 + c**4/2 - 2*c**3/3 - 3*c**2/2 + 7*c. Give k(5).
2
Suppose -v = v + 12. Let f(n) = -n**2 - 7*n - 2. Give f(v).
4
Let j(b) = 5*b - 2. Let f be ((-4)/(-3))/((-4)/(-6)). Determine j(f).
8
Let k(z) = -z + z**3 - 7 + z**2 - 2*z - 5*z**2. Let u(v) be the second derivative of -2*v**3/3 - 3*v**2/2 - 5*v. Let a be u(-2). Calculate k(a).
3
Let t(o) = -2*o - 1. Let r = 5 + -7. Let c be t(r). Let a(j) = -25 + 26 + 5*j**3 - 4*j**c + j. Determine a(-1).
-1
Let k(b) = -3*b + 1. Suppose t + 5 - 4 = 0. What is k(t)?
4
Let s(u) = 2*u - 1. Let o(j) = 23*j - 13. Let p(t) = -2*o(t) + 22*s(t). What is p(7)?
-10
Let l(t) = t + 2. Let b be l(-2). Let h(o) = -7*o - 9. Let s(i) = -4*i - 5. Let y(n) = -3*h(n) + 5*s(n). Calculate y(b).
2
Let l(v) be the second derivative of -v**5/20 + v**3/6 - v**2/2 - 13*v. Calculate l(2).
-7
Let g(q) = 0*q + q - 5 + 12. Let w be g(-5). Let y(k) = -k**2 - 3 + 0 + k**2 + k**w - 2*k. Determine y(4).
5
Let k(i) = -i**3 - 2*i**2 - 3*i - 2. Let b be k(-2). Let c be 2/b*(-10 - 4). Let n(v) = v + 12. Calculate n(c).
5
Let t(j) = -4*j + 7. Suppose -4*l + 0*l = p - 17, 3*l = -5*p. What is t(l)?
-13
Let q = 4 - 1. Let b(h) = -h**q + 2*h - h**2 + 1 - h + 1. Give b(2).
-8
Let p(t) be the second derivative of 2*t**5/5 - t**2/2 + 2*t + 24. Let u be (-4 - -3)/((-1)/2). Suppose 5*o - a = 4*a + 10, 2*a = -u*o. What is p(o)?
7
Suppose -5*r + 20 = 5. Let h(j) = -r + 4 - 5*j - 2*j. What is h(1)?
-6
Let z(a) = -3*a**3 + 41*a**2 - 24*a - 4. Let s(m) = -m**3 + 14*m**2 - 8*m - 1. Let i(t) = -17*s(t) + 6*z(t). What is i(7)?
-14
Let b(t) be the second derivative of t**4/6 + t**3/2 - t**2 - 22*t. Give b(2).
12
Let i(r) = -r**3 - 4*r**2. Suppose 0 = l + 5*w - 42, 2*l + 126 = 7*l - 3*w. Let c be (l/18)/(1/(-2)). Give i(c).
-9
Suppose -2*d - 2 = -3*d. Let r(v) = -3*v**d - 1 + v**2 + 3*v**2. Let z(h) = -9*h**2 - h + 3. Let x(n) = -3*r(n) - z(n). Give x(-1).
5
Let s(f) = 6*f + 4. Let u(q) = -7*q - 5. Suppose 0 = -o + 3*a - 18, 5*a - 19 - 1 = 0. Let t(c) = o*s(c) - 5*u(c). Give t(1).
0
Let j(u) = u**2 + 4. Let r(i) = -i - 17. Let w be r(-14). Give j(w).
13
Let o(n) be the second derivative of -n**4/24 - n**3/6 + n**2/2 + 3*n. Let z(a) be the first derivative of o(a). Let p be ((-20)/6)/((-2)/3). Determine z(p).
-6
Let r(n) = -n + 4. Let c(f) = -2*f + 5. Suppose -5*v + 11 = -g, v - 3 = g - 0. Let j(u) = v*c(u) - 3*r(u). Let t(h) = h + 3. Let b be t(-6). Give j(b).
1
Let o(m) = -5*m + 0 - 3 + 0*m**2 - m**2 - 3. Let a(u) = u**2 - 5*u - 10. Let p be a(7). Suppose 5*n = -0*d - 2*d - 30, -2*d + 6 = -p*n. What is o(n)?
-2
Suppose 35 = -k - 4*k. Let b(v) = -6*v - 7. Let z(q) = 4*q + 7. Let g(s) = -s + 1. Let w(n) = -g(n) + z(n). Let y(u) = k*w(u) - 6*b(u). Calculate y(-2).
-2
Let a be 0*(-4)/(-16) - -2. Let y(u) = -3*u + 2. What is y(a)?
-4
Let d(c) = -c + 12. Let a be d(5). Let j(x) = -x**2 + 8*x - 6. What is j(a)?
1
Let m(b) = -b**3 + 8*b**2 - 9*b + 10. Let s(p) = -p**3 + 8*p**2 + 9*p + 7. Let a be s(9). Calculate m(a).
-4
Let g(v) = v**3 - 5*v**2 - v + 7. Let t be g(5). Suppose -3*f - 2*f + 15 = 0. Let y(p) = -f*p + 2 - 2*p + 1. Determine y(t).
-7
Suppose 4*s = 2*i - 6, -2*i + 9 = 4*s - i. Let b be s*((-2 - 0) + 4). Let o(d) = -2*d**3 + 2*d**2 + 2*d - 2. Determine o(b).
-6
Suppose j - 6*j = -g + 16, 0 = -5*j - 5*g - 10. Let l(u) be the third derivative of u**4/24 + 5*u**3/6 - u**2 - 47*u. Give l(j).
2
Let i be (-50)/15*12/(-10). Let k(j) = 5 - 3*j + i*j - 2*j. Give k(5).
0
Suppose -3*y - 23 = -u, -3*y + 10 = 5*u - 33. Suppose 2 = -l + 2*m - 3, 0 = 4*l - 5*m + u. Let g(p) = -2*p. Calculate g(l).
-2
Let o(h) = -h + 7. Let a(j) = -14 + 2*j + 2 + 6. Let p be a(6). Calculate o(p).
1
Let w(a) = -4 + 3 + 3*a - a**2 + 2*a**2 + 2. Give w(-2).
-1
Let v(a) = -a - 8. Let s be v(-10). Let c(b) = -s*b + 0*b + b - 14. Calculate c(0).
-14
Let a(i) = -i**2 - i - 1. Let m(l) = -8*l**2 - 2*l - 3. Let b(v) = -v**3 + 3*v**2 + v - 4. Let h be b(3). Let o(d) = h*m(d) + 2*a(d). What is o(-1)?
7
Let v(n) = -n + 2. Let p(j) = -5*j - 17. Let z be p(-4). Give v(z).
-1
Let z(w) = w**3 - 6*w**2 + 2*w - 2. Let k(i) be the third derivative of -i**5/60 + i**4/6 + i**3/2 - 5*i**2. Let t be k(3). Determine z(t).
10
Suppose 3*w - 3 = 2*w. Let o(u) = u + 9 - 3 + u**3 - 4*u**2 - 2*u**3 + w*u**2. What is o(0)?
6
Let s(q) = q - 4*q**2 + 5*q**2 + 7 - 5*q. Suppose -5*h - 3*o + 8 = -14, 15 = 2*h - 5*o. Give s(h).
12
Let f(o) = -3*o - 1. Suppose j = -j + 3*q - 1, 5*q = -4*j - 13. Calculate f(j).
5
Let m(z) = z**2 + 3*z - 3. Let l = 9 + -2. Suppose -5*w + 3 + l = 0. Give m(w).
7
Suppose 0*w = 3*w. Let j(h) = -h**3 - 4 + h - 6*h + 4*h. What is j(w)?
-4
Let d be ((-5)/(-15))/((-2)/(-6)). Let m(x) = 2*x**3 - 2*x**2 + 1. Determine m(d).
1
Let k(y) = y**3 - y**2 - 13*y - 12. Let u(t) = t**2 - t - 1. Let m(q) = -k(q) + 6*u(q). Calculate m(8).
-2
Let t(f) = f**3 - 6*f**2 + 6*f + 3. Suppose -19*c + 15*c + 20 = 0. What is t(c)?
8
Let i(a) be the third derivative of a**4/24 + 2*a**3/3 + a**2. Let m = -131 - -127. Determine i(m).
0
Suppose -2*m - 4 + 0 = -3*a, 20 = a + 4*m. Let p(i) = -i + 2. Let z(q) = 1. Let y(b) = -p(b) - 2*z(b). Calculate y(a).
0
Let p(j) = -2*j. Let o = -23 - -21. Give p(o).
4
Let b(d) = 3*d**3 - 1 - d**3 + 2*d + 2*d**3. Let y be b(1). Let f(x) = -x**2 + 7*x - 1. Give f(y).
9
Let p(t) = -5*t**3 + 2*t**2 - 9*t - 4. Let m(q) = -4*q**3 + q**2 - 8*q - 3. Let w(z) = 6*m(z) - 5*p(z). Determine w(5).
12
Let m be ((2*-1)/(-1))/(-2). Suppose 4*g - 2*l = l + 5, 4 = 4*g - 4*l. Let z(u) = -2*u - 7*u**2 - 1 - 1 - g + 3. What is z(m)?
-6
Suppose 0 = -4*w - w + 10. Let q be 74/10 - (-4)/(-10). Let y(l) = 0*l - q + w - 3*l. Give y(-4).
7
Let w(l) = -3*l**2 - 7*l. Let s(d) = d**2 + 2*d - 1. Let q(u) = -2*s(u) - w(u). Give q(-2).
0
Let v(i) = i**2. Let a be 0 + -1 + 0 + 13. Let s(b) = -b**2 - 11*b - 10. Let q be s(-6). Let f be (-16)/10 + a/q. What is v(f)?
1
Let v = -113 + 117. Let c(q) be the second derivative of -q**3/6 + q. Give c(v).
-4
Let p = -56 - -51. Let s(h) = -h**3 - 6*h**2 - 5*h - 3. What is s(p)?
-3
Let z(w) be the third derivative of w**4/24 + 4*w**3/3 + 24*w**2. Give z(-6).
2
Let v(x) = -x**3 - 7*x**2 - 6*x - 1. Let k(c) = c**3 + 7*c**2 + 5*c. Let o = 3 + -2. Suppose 2 + o = j. Let s(m) = j*v(m) + 2*k(m). Give s(-6).
9
Let f(g) be the third derivative of 7*g**4/24 - g**3/6 - 60*g**2. What is f(1)?
6
Let s = -34 + 29. Suppose -3*a = -2*d + 4, 1 = 4*d - a - 17. Let i(w) = -2*w**2 + 3*w - 7. Let t(g) = -3*g**2 + 6*g - 14. Let o(r) = d*i(r) - 3*t(r). Give o(s).
-3
Let l = -25 + 14. Let x(c) = -4*c + 5. Let q(f) = -12*f + 14. Let y(n) = l*x(n) + 4*q(n). Give y(-2).
9
Let i = 5 - 7. Let j(d) = -2*d**2 - 3*d - 2 - 3 + 4. Give j(i).
-3
Let s be (-64)/(-20) - (-1)/(-5). Let m(u) = -3*u + s + 2 + 4*u - u**2 + 5*u. What is m(6)?
5
Suppose -3*r + 41 = 2*t, 2*r = -4*t + 3*t + 26. Let y(l) = 2*l - 2 - 14*l + r*l. Calculate y(-2).
0
Let k(d) be the third derivative of -1/24*d**4 + 0 + 3*d**2 + 0*d - 1/3*d**3. Determine k(-1).
-1
Let m(n) be the second derivative of -n**3/6 - 3*n**2/2 - 5*n. Determine m(-3).
0
Let t(z) = z**2 - 3*z - 1. Let w(k) = k**3 - 3*k**2 + 4*k - 4. Let b be w(3). Let y = b + 7. Suppose 4*q = -q + y. Give t(q).
-1
Let m(d) = -d**3 + 6*d**2 - 7*d + 6. Let x be 3*(-8)/12 + 2*3. What is m(x)?
10
Let x(a) = -a**2 - 4*a + 3. Suppose 2*h + 29 = 5*j - 32, -3*h = -6. Suppose -5*o = -2*s - 3*s - 35, o = 2*s + j. What is x(s)?
-9
Let c be -3*(6/2 - 2). Let j(s) = -s**3 - 5*s**2 - 4*s - 4. Give j(c).
-10
Let z(p) = 6*p - 7. Let w = 6 - 1. Give z(w).
23
Let f(s) be the second derivative of -s**5/20 + s**4/3 - 2